t c = -5185 - b. Is c a composite number?
False
Let t(j) = -j**2 + 8*j - 9. Let a be t(5). Is (410/(-4))/((-3)/a) a prime number?
False
Suppose 0 = -39*a - 26*a + 5401175. Is a prime?
False
Let j = 575 - 309. Suppose j = 3*p - 3*u + u, -p = 3*u - 107. Suppose -2*a = -0*a - p. Is a composite?
True
Is 4*(-2)/36 - 78230/(-90) a composite number?
True
Suppose v = 5*q - v - 259, -5*v = q - 68. Is q prime?
True
Let d(r) = -r**3 - r**2 + 6*r - 1. Let w be d(3). Let u = w + 164. Is u a prime number?
False
Let c = -655 - -436. Let y = 332 + c. Is y a composite number?
False
Suppose 5*k - 2*y = -y + 96, 2*k = 4*y + 24. Let t(d) = 30 - 15 - k - 150*d. Is t(-2) prime?
False
Let z be 6*(-1 + (1 - -2)). Let w be (-399)/(-42) + (-2)/(-4). Is w/60 + 802/z prime?
True
Suppose 3*z + 2*n = -2, -n - 3*n = 2*z + 4. Let m = -2 + z. Is 15/(-10) - 413/m a composite number?
True
Suppose 3*r - 4*f = 5849, 4*r + 3*f = -f + 7752. Let v = 1153 - r. Let g = -443 - v. Is g a prime number?
True
Let a be (0 - 2)/(1 - 2). Is ((-1)/a)/((-1)/506) a composite number?
True
Suppose 12*o - 18*o + 18474 = 0. Is o composite?
False
Let p(s) = s**2 + 6*s + 1. Let n be p(-7). Suppose -n = -y + 2*r, -4*y + 0*r + 5*r + 29 = 0. Suppose -2*g = y*g - 7672. Is g a composite number?
True
Suppose -16982 = -2*r - 4*v, -5*r - 2*v + 27508 = -14987. Is r composite?
False
Let w(r) = -127*r + 2. Let h(x) = -127*x + 3. Let q(p) = -5*h(p) + 4*w(p). Is q(2) prime?
False
Let g(m) = m**3 + m**2 + 2*m + 1639. Let c = -130 + 130. Is g(c) a prime number?
False
Let m = -15 + 23. Suppose 0 = m*v - 3773 - 13483. Is v prime?
False
Let s be (-43 + -6)/(4/6 - 1). Let w(a) = -a**3 + a**2 + 3*a - 2. Let u be w(2). Suppose 0 = -5*k + o + 31 + 749, k - 2*o - s = u. Is k composite?
False
Suppose 0 = i - 6*i. Let o(c) = c**2 + 5*c - 14. Let n be o(-17). Suppose 191 = 3*j + 2*x, i = 4*j + 3*x - n - 63. Is j composite?
False
Let l(m) = -3*m - 21. Let g be l(-8). Let t(o) = 542*o + 13. Is t(g) prime?
False
Let k(x) = x**2 + 4*x - 13. Let r be k(-9). Let s = r + 166. Suppose 4*d = s + 310. Is d a prime number?
True
Suppose 0 = 6*b - b. Suppose 4*y - 12 = b, -z - y + 5*y - 18 = 0. Let t = z - -8. Is t a composite number?
False
Let f = -181 + 344. Suppose f = x - 0*x. Is x composite?
False
Let y(t) be the first derivative of 189*t**2/2 + 26*t + 36. Is y(9) a composite number?
True
Suppose -f = -5*c + 30235, 4*c = 4*f + 22149 + 2055. Is c a composite number?
True
Let z(y) = 2134*y**3 - y**2 + 4*y + 1. Is z(2) a prime number?
True
Let y(b) = 3*b**2 + 2 - 15*b - 3*b**3 + 33*b - 16*b. Is y(-2) composite?
True
Let t = 13233 + -2944. Is t a composite number?
False
Suppose 4*z + 1192 = 3*t - 661, 4*t - 2480 = 3*z. Is t a prime number?
False
Suppose 5*t - 28 = -2*t. Suppose 0*d + t*d = 4*f - 64, 4*f = -5*d + 55. Is f a prime number?
False
Let t be 9/(-6)*(2 - 4). Suppose t*z - 1724 = z. Is z a composite number?
True
Suppose 0*w - 6 = -w. Suppose 5*a - 2*t = 183, 10*a = 5*a + t + 179. Suppose -u = -w*u + a. Is u a prime number?
True
Let r(c) = 3*c**2 + 68*c - 23. Let b be r(-28). Let o = b - -662. Is o composite?
False
Let r(q) = q**2 + q + 479. Let j be 0/(1 + 2 + -2). Is r(j) a composite number?
False
Let g = 36 - 34. Suppose 282 + 380 = g*l. Is l composite?
False
Let h = 45 + -38. Suppose -h*d = -4*d - 8697. Is d a composite number?
True
Suppose -2*f + 0*f = 2. Let d(y) = -y**2 + 1. Let j be d(f). Suppose -h + r = -17, 2*h + j*r + r = 49. Is h a composite number?
True
Let q = -6389 + 11502. Is q a composite number?
False
Let m(v) = -4*v - 4. Let h be m(-5). Suppose k - 4*o - h = -3*k, -16 = -4*k + 3*o. Let b(w) = 2*w**2 - 3*w + 6. Is b(k) a prime number?
False
Let k = 22 + -14. Suppose -9*l + k*l + 5 = 0. Suppose 3*t + 5*n - 287 = 0, 0 = n - l*n + 16. Is t a prime number?
True
Let s be (1 + 1)/(-2)*204. Let k = s + 349. Is (k/(-10))/((-1)/14) prime?
False
Suppose 2*q + 456 = q. Let l = 2710 - 1199. Let v = l + q. Is v prime?
False
Suppose -3*b + 7 = -2. Suppose d + 4*h - 5 - 30 = 0, -2*d = -b*h - 125. Let v = -4 + d. Is v prime?
False
Let w = 15659 + -6660. Is w composite?
False
Suppose 0 = -11*b + 15748 + 22158. Suppose -b = 2*m - 9844. Is m prime?
False
Let h(v) = -18*v + 15. Let g be h(-14). Let r = 232 + g. Is r composite?
False
Is (-1)/(8/(-7350)) + (-52)/(-208) composite?
False
Let v(b) = b + 2. Suppose 6 = g + g. Let o be v(g). Suppose k = -3*w + 47 + 19, -o*w + k + 102 = 0. Is w composite?
True
Is ((-155582)/(-49))/((-6)/(-21)) a prime number?
True
Suppose 2*q - 4 = -18. Let x = -13 - q. Is (x/(-5))/(2/5) a prime number?
True
Suppose -9*m - 61 = -34. Let z(g) = 13*g - 6. Let c(u) = -u + 1. Let k(a) = 2*c(a) - z(a). Is k(m) a prime number?
True
Let n(o) = o. Let v be n(3). Suppose -w = v*w - 20. Suppose 3*h = w*h - 158. Is h prime?
True
Suppose 3*f + 255 = 4*u, -4*u + 249 = -0*u + 3*f. Let o = 944 + u. Is o a prime number?
False
Suppose -25 = -5*h, 3*h + h - 60 = -5*c. Suppose -c*s = -2*s - 1410. Is s a prime number?
False
Let m = 11 + -25. Let x = 2229 + -5047. Is 4/m + x/(-14) a composite number?
True
Let z = 27 - -3. Suppose 7*y - 2*y + z = 0. Is 17 + 4/y*-3 a composite number?
False
Let v(w) = 31*w**3 - 32*w**2 - 8*w + 43. Is v(13) prime?
False
Let c(p) = -2*p + 10. Suppose -5*g + 19 = 2*s, -2*s + 10 + 5 = g. Let b be c(s). Is ((-30)/3)/(b/106) prime?
False
Let c = 14018 - 5019. Is c a composite number?
False
Suppose q + 74 = 4*k - 4*q, -4*k = -q - 66. Let h be (-5)/(-20) + (-228)/k. Is 7/(h/(-156)) + 1 prime?
True
Suppose -174147 - 61694 = -17*l. Is l a prime number?
True
Let q be (-3 - 10/(-3))*(-4 + 4). Suppose q = o - 69 - 44. Is o a prime number?
True
Let s be 9/2 - 3/(-6)*-1. Suppose s*c + 2619 = 7871. Is c a composite number?
True
Let k(o) be the third derivative of -o**7/420 - 7*o**6/720 + o**5/60 + 2*o**2. Let x(p) be the third derivative of k(p). Is x(-8) composite?
False
Let r = 12007 + -3929. Suppose -7*u + 1673 = -r. Is u prime?
False
Let i(u) = -71*u + 10. Let d = -9 - -5. Let o(v) = -143*v + 20. Let k(z) = d*o(z) + 9*i(z). Is k(-7) prime?
True
Suppose 10265 = 19*w - 14*w. Is w prime?
True
Let y(i) = -258*i - 131. Is y(-34) a composite number?
False
Let l(f) = f - 4. Let y be l(8). Suppose 0 = -y*j + 1360 + 88. Is j prime?
False
Let b(k) = 5*k**2 - 16*k - 3. Let p be b(-10). Let a = p - 326. Is a a composite number?
False
Is 18/54 + 4/6 + 994 a composite number?
True
Let s be (-104 - 2)*(-7)/14. Suppose 4*j - 5*i = 158, -s = -5*j - 3*i + 126. Is j a prime number?
True
Suppose -53764 = -5*t + i, -5*t - 3*i + 36297 + 17471 = 0. Is t a composite number?
False
Suppose -21*l = 66*l - 864867. Is l prime?
True
Let i(v) = 198*v - 25. Let t be i(-7). Let n = 3564 + t. Is n a composite number?
False
Let j(s) = -83*s**3 + 4*s**2 - 13*s - 7. Is j(-5) a composite number?
True
Is 89963/3 - (-8 - 100/(-15)) prime?
True
Suppose -d = 2*q - 1 - 13, 38 = 3*d + 5*q. Suppose 3*i = 6*i - d. Is 0 - i - -1 - -22 a composite number?
True
Suppose 2*s - 968 = -f, s = -1 + 4. Let g = f - -867. Is g prime?
False
Suppose h - 5*h = -120. Let d = -357 - -378. Let i = h + d. Is i prime?
False
Suppose -21*o = -420116 - 301885. Is o prime?
True
Suppose 3*z = 8 + 4. Suppose -5*a = -z - 6. Let x = 83 + a. Is x a composite number?
True
Let c = -24 - -29. Suppose 608 = 4*b - 5*h, c*h - 98 + 392 = 2*b. Is b a composite number?
False
Let r(d) = d**3 + 5*d**2 + 4*d. Let s be r(-3). Let t(h) = h**2 - 7*h + 6. Let u be t(s). Let x(y) = -y**3 + y**2 + y + 203. Is x(u) a prime number?
False
Let z(p) = -p**2 + 4*p - 7. Let f be z(2). Let x be (-3)/9 - 2/3. Is f - (x - 0)*114 composite?
True
Let d(b) = -b**3 + 117*b**2 - 3*b - 64. Is d(27) prime?
False
Let m = -1 - -21. Let f be 15/m - 231/(-12). Suppose j - 2 = f. Is j a composite number?
True
Let u = 42 - 64. Is u/2*(-2 - 71) a composite number?
True
Let t = 28 - -20. Suppose o - 71 = t. Suppose 5*f - o = -24. Is f a composite number?
False
Suppose 15*y - 64 = 11*y. Suppose -3*m - 5447 = -y*m. Is m composite?
False
Suppose -3*z - 2*n = -1428, 3*n + n = 12. Suppose -s + m - 10 = -259, -2*s = 4*m - z. Suppose -s = -4*f + 423. Is f composite?
False
Let y be (-7)/6 + 1 + (-145836)/(-216). Is y - 1 - (10 - 9) composite?
False
Let f be 1*(-3 - (-4 + 0)). Let c(h) = 1118*h**3 - 2*h**2 + 2*h - 1. Is c(f) p